(19).
280
Let n(o) = -o**3 + 34*o**2 - 88*o + 38. Calculate n(14).
2726
Let p(n) = 147*n - 13636. What is p(88)?
-700
Let g(x) = -2*x**2 - 602*x + 5. What is g(0)?
5
Let l(k) = -10784*k - 2836211. Determine l(-263).
-19
Let g(j) = -29*j**2 - 6389*j - 1956. What is g(-220)?
24
Let i(n) = -2*n**3 - 23*n**2 + 123*n + 1497. Calculate i(-14).
755
Let q(h) = -h**3 - 34*h**2 - 352*h + 517. Give q(-20).
1957
Let h(s) = -119*s + 354. Calculate h(-7).
1187
Let t(w) = -2*w**3 + w**2 + 171*w - 1578. What is t(11)?
-2238
Let g(y) = 5*y**3 + 252*y**2 - 679*y - 323. Give g(-53).
-853
Let h(l) = -12*l**2 + 35*l + 397. Determine h(10).
-453
Let f(k) = -8095*k + 49586. What is f(6)?
1016
Let s(f) = 21525*f - 43072. Give s(2).
-22
Let z(u) = 5*u**2 - 506*u + 6177. Give z(87).
0
Let c(s) = -2*s**2 - 52*s + 65171. Determine c(-194).
-13
Let n(m) = -384*m**2 + 36097*m - 128. Give n(94).
-34
Let p(f) = -f**3 + 42*f**2 - 158*f + 189. Determine p(38).
-39
Let g(h) = -28663*h - 200640. What is g(-7)?
1
Let f(p) = 28*p**2 + 3570*p + 289. Determine f(-127).
-1489
Let n(q) = 264*q**2 + 93462*q + 2157. Give n(-354).
33
Let g(s) = s**3 + 106*s**2 + 1112*s - 1517. Give g(-94).
-13
Let h(q) = 81530*q + 815223. What is h(-10)?
-77
Let v(j) = -8*j**2 - 6693*j - 2. Give v(0).
-2
Let s(x) = -x**2 + 850*x - 75143. Give s(750).
-143
Let t(a) = -2*a**2 + 22946*a + 45885. Calculate t(-2).
-15
Let x(a) = -117*a - 7650. What is x(-67)?
189
Let c(h) = 4390*h + 245770. Give c(-56).
-70
Let t(g) = 5*g**3 - 258*g**2 + 209*g - 2702. Calculate t(51).
154
Let r(a) = 5842*a - 5182. What is r(1)?
660
Let l(a) = -a**3 - 108*a**2 - 944*a + 210. Determine l(-98).
-3318
Let b(m) = 61*m - 15500. Give b(254).
-6
Let u(j) = -5*j**2 + 35*j + 461. What is u(-12)?
-679
Let h(a) = 2*a**3 - 293*a**2 + 4512*a + 362. Calculate h(129).
-25
Let u(i) = -56*i**2 + 1123*i + 15. Determine u(20).
75
Let t(m) = -4*m**2 + 1221*m - 91224. What is t(176)?
-232
Let m(i) = 1025*i + 37757. What is m(-35)?
1882
Let z(g) = -10*g**2 + 508*g + 11548. Determine z(-17).
22
Let r(u) = 2*u**3 - 46*u**2 - 2603*u + 59866. Determine r(23).
-3
Let l(u) = u**2 - 685*u + 117268. What is l(334)?
34
Let v(f) = 1091*f**2 + 4382*f + 77. Give v(-4).
5
Let i(l) = l**3 - 25*l**2 - 5254*l + 678. Calculate i(86).
-10
Let l(c) = -c**2 - 464*c - 12667. Give l(-32).
1157
Let q(y) = y**3 + 24*y**2 + 78*y - 34. Give q(-20).
6
Let c(s) = 3*s**3 - 23*s**2 - 331*s + 2421. Give c(7).
6
Let r(c) = -2*c**3 + 19*c**2 + 33*c - 213. Calculate r(11).
-213
Let u(l) = 52795*l - 475147. What is u(9)?
8
Let w(c) = c**3 - 364*c**2 + 8542*c - 22675. What is w(339)?
38
Let o(v) = -82*v**2 + 2155*v + 1648. Determine o(27).
55
Let t(v) = -v**3 + 237*v**2 + 34132*v + 2022. Calculate t(338).
-6
Let p(w) = -2*w**3 - 265*w**2 - 166*w - 1400. Calculate p(-132).
3088
Let u(w) = 6390*w - 172529. Determine u(27).
1
Let d(r) = 2*r**2 - 2331*r - 93949. Give d(-39).
2
Let w(x) = -144517*x - 2023242. Determine w(-14).
-4
Let g(n) = -8283*n + 74574. Determine g(9).
27
Let g(o) = -1919*o - 14072. What is g(-7)?
-639
Let w(n) = -18653*n - 6976222. Give w(-374).
0
Let g(a) = a**2 + 1930*a + 563916. What is g(-359)?
-73
Let v(q) = 4*q**3 + 16*q**2 - 45685*q - 182740. Give v(-4).
0
Let c(j) = -35163*j - 1406477. Give c(-40).
43
Let t(w) = -54*w - 4846. Calculate t(-83).
-364
Let l(f) = 99*f**2 - 1533*f - 78. What is l(16)?
738
Let h(j) = -3094*j**2 - 1484*j - 1485. Calculate h(-1).
-3095
Let p(y) = -8126*y + 8954864. Determine p(1102).
12
Let x(r) = r**2 + 4063*r - 1383775. Give x(316).
-11
Let v(k) = -171*k**3 - 4105*k**2 - 18*k + 52. What is v(-24)?
-92
Let t(x) = -10*x**2 - 402*x - 3789. Calculate t(-11).
-577
Let u(o) = -3514*o - 4457. Give u(-1).
-943
Let o(b) = b**3 + 314*b**2 + 123*b + 38628. Give o(-314).
6
Let a(b) = -85*b - 5415. Give a(-50).
-1165
Let u(z) = 7956*z + 6500. Determine u(-1).
-1456
Let t(w) = w**3 + 2371*w**2 + 214033*w - 488. What is t(-94)?
-18
Let a(f) = f**3 + 17*f**2 - 180*f + 302. What is a(-22)?
1842
Let i(t) = -9201*t - 63962. Determine i(-7).
445
Let g(m) = m**2 - 28711*m - 201030. Calculate g(-7).
-4
Let l(g) = -506*g + 5996. What is l(12)?
-76
Let s(p) = p**3 + 236*p**2 - 2467*p + 147. What is s(10)?
77
Let x(i) = 19*i**2 + 602*i - 25. Determine x(0).
-25
Let x(j) = j**3 - 73*j**2 - 83*j + 6106. Determine x(73).
47
Let j(n) = 10*n**2 - 876*n + 7755. Give j(10).
-5
Let q(n) = -n**3 + 460*n**2 - 38735*n + 68. Determine q(111).
512
Let y(w) = -3*w**2 - 812*w + 9573. Calculate y(-283).
-898
Let c(b) = b**3 - 539*b**2 + 1104*b - 16143. Determine c(537).
-33
Let q(v) = 342*v + 17906. Determine q(-53).
-220
Let n(v) = -v**3 - 31*v**2 - 4*v - 162. Give n(-31).
-38
Let v(b) = 17636*b - 88189. What is v(5)?
-9
Let q(v) = -v**3 - 1306*v**2 - 11664*v + 90. Give q(-9).
9
Let h(b) = 32818*b + 164001. Give h(-5).
-89
Let v(z) = -4*z**3 + 70*z**2 - 713*z + 11540. Give v(17).
-3
Let o(t) = 2586*t + 30588. Give o(-12).
-444
Let c(v) = -5*v**3 + 702*v**2 - 2109*v - 4. Calculate c(3).
-148
Let v(i) = -i**3 + 239*i**2 - 29*i + 6926. What is v(239)?
-5
Let r(s) = -7*s**2 + 287*s - 2378. Give r(12).
58
Let l(a) = 21*a**3 + 2*a**2 - 165*a - 348. What is l(-2)?
-178
Let z(a) = 2*a**3 + 2257*a**2 + 41057*a - 14437. What is z(-1110)?
-7
Let x(d) = 2304*d - 28171. Determine x(12).
-523
Let h(g) = -2*g**2 - 63*g + 192. What is h(19)?
-1727
Let b(j) = 7*j**3 + 34*j**2 + 57*j + 647. Give b(-6).
17
Let a(o) = -4303*o - 69103. Determine a(-16).
-255
Let u(i) = -6*i**3 + 198*i**2 - 14*i + 391. Determine u(33).
-71
Let g(d) = -13*d**2 - 4386*d - 25786. Calculate g(-6).
62
Let k(t) = -2601*t - 163809. Determine k(-63).
54
Let o(c) = 5*c**3 + 256*c**2 + 38*c - 5. Give o(-51).
658
Let o(x) = 35*x**3 + 5349*x**2 - 920*x - 304. What is o(-153)?
2
Let t(v) = -8*v**3 - 28*v**2 - 306*v - 1227. Determine t(-4).
61
Let o(h) = 44921*h + 224817. Calculate o(-5).
212
Let s(a) = -6239*a - 554821. Calculate s(-89).
450
Let f(o) = -206346*o - 1444395. Give f(-7).
27
Let o(d) = 3120*d + 52711. Give o(-17).
-329
Let p(x) = -97*x**2 - 4079*x - 258. What is p(-42)?
-48
Let g(c) = -6*c**2 + 928*c + 18636. What is g(-18)?
-12
Let f(a) = a**3 - 34*a**2 - 395*a - 7213. What is f(46)?
9
Let y(b) = -1492*b + 96987. Determine y(65).
7
Let k(c) = 80730*c + 4440135. Give k(-55).
-15
Let b(q) = -3070*q - 2714. Determine b(-1).
356
Let r(h) = -h**3 + 44*h**2 + 18*h - 602. Give r(44).
190
Let w(g) = -g**3 - 90*g**2 - 386*g - 3623. Calculate w(-86).
-11
Let k(i) = 524*i + 517. Determine k(-1).
-7
Let h(m) = m**2 - 35*m - 1679. Give h(-39).
1207
Let i(o) = o**2 - 140*o + 4521. Determine i(68).
-375
Let t(v) = -v**2 - 541*v - 15677. Calculate t(-31).
133
Let q(v) = 538973*v + 17247126. Give q(-32).
-10
Let l(x) = 5*x**2 - 2024*x + 1600. What is l(404)?
-16
Let c(r) = 236*r**2 - 251*r + 22. Calculate c(2).
464
Let p(f) = f**3 + 285*f**2 + 1559*f + 122237. What is p(-281)?
2
Let j(u) = 594*u + 153783. Give j(-259).
-63
Let m(l) = 64586*l - 645868. Give m(10).
-8
Let l(n) = -n**3 + 227*n**2 + 1307*n - 346468. Calculate l(226).
-10
Let c(f) = -11872*f + 736069. Determine c(62).
5
Let q(x) = 2*x**3 - 298*x**2 - 304*x + 1067. Determine q(150).
467
Let n(i) = -i**3 + 1121*i**2 - 61*i + 1327320. What is n(1122)?
-6
Let g(n) = -25*n**3 - 413*n**2 + 415*n - 2. What is g(1)?
-25
Let m(x) = 897*x + 3545. Determine m(-4).
-43
Let x(r) = -22415*r + 10826445. Determine x(483).
0
Let g(n) = 925*n + 358019. Determine g(-387).
44
Let d(w) = -16*w**2 + 3875*w - 147222. Give d(195).
3
Let n(f) = f**2 + 39541*f + 908957. Calculate n(-23).
43
Let a(u) = 212340*u + 3609746. What is a(-17)?
-34
Let s(u) = -30*u**2 + 9121*u - 465. What is s(304)?
-161
Let f(w) = w**2 - 141*w + 271. Give f(101).
-3769
Let l(h) = -7*h**3 - 977*h**2 - 3410*h - 1358. Calculate l(-136).
2
Let b(c) = 46*c**3 - 328*c**2 + 50*c - 31. Calculate b(7).
25
Let o(w) = -w**3 - 140*w**2 + 1338*w - 512. What is o(-149)?
-65
Let r(t) = 44507*t + 10993219. Give r(-247).
-10
Let y(t) = -17*t**2 + 33912*t - 67818. Calculate y(2).
-62
Let t(f) = -60752*f - 3037588. Determine t(-50).
12
Let y(i) = -15*i**3 - 4*i**2 + 61*i + 146. Give y(-5).
1616
Let h(n) = n**3 - 416*n**2 + 843*n - 5403. Determine h(414).
807
Let v(c) = -3107*c + 24834. Determine v(8).
-22
Let q(o) = -332806*o